50959536491 composite?
True
Is 9518558069 prime?
True
Is 28564923477 composite?
True
Is 33543796969 a prime number?
True
Is 592248851 prime?
True
Is 268181141 a prime number?
True
Is 11722476277 a composite number?
False
Is 3685028339 a composite number?
False
Is 19934518781 composite?
True
Is 48426319937 a prime number?
True
Is 4353695371 composite?
False
Is 863801921 composite?
True
Is 488304961 prime?
True
Is 2525108389 composite?
True
Is 905400629 prime?
False
Is 19024092751 composite?
False
Is 3879014999 a prime number?
True
Is 226144679 composite?
False
Is 903635783 prime?
True
Is 23964665897 a composite number?
True
Is 1108325707 prime?
True
Is 2047436851 a composite number?
False
Is 1340720201 composite?
False
Is 102771803 a prime number?
True
Is 10848034489 prime?
True
Is 7622356649 composite?
False
Is 26972773 a prime number?
True
Is 1522578961 a prime number?
True
Is 5877107909 prime?
False
Is 10545705169 prime?
True
Is 927057641 a prime number?
False
Is 7898971991 composite?
True
Is 123822233 prime?
True
Is 45993962647 a composite number?
True
Is 9554703811 a composite number?
False
Is 9668991077 a composite number?
True
Is 18286164823 prime?
False
Is 129064957309 a composite number?
True
Is 722942621 composite?
False
Is 1044645538 prime?
False
Is 378742933 a composite number?
False
Is 287204861 a composite number?
True
Is 6536028113 a composite number?
True
Is 346547807 a composite number?
False
Is 434957471 a composite number?
True
Is 25850469089 a composite number?
False
Is 13515781 a composite number?
False
Is 13426229651 prime?
False
Is 29749479089 a prime number?
False
Is 121737337346 a composite number?
True
Is 2410178959 composite?
True
Is 1562341849 prime?
False
Is 1464086929 a prime number?
False
Is 114053141 prime?
True
Is 25160011 a composite number?
False
Is 6758595889 composite?
False
Is 609027781 composite?
False
Is 31868727747 a composite number?
True
Is 1950398503 a prime number?
True
Is 43300781333 a prime number?
True
Is 1575960229 composite?
False
Is 325694111 composite?
True
Is 362095913 composite?
True
Is 12437362429 a prime number?
True
Is 420278983 composite?
True
Is 333177961 a composite number?
True
Is 805578379 a prime number?
True
Is 130372703 prime?
True
Is 1471667723 a prime number?
False
Is 73572071 a composite number?
False
Is 5074346593 prime?
True
Is 857686799 a prime number?
True
Is 110363707 a composite number?
False
Is 4920302173 a prime number?
True
Is 75296029 prime?
True
Is 50129297 a composite number?
True
Is 181133621 a prime number?
True
Is 1004644939 prime?
True
Is 1558708577 prime?
True
Is 57465029299 a prime number?
True
Is 517492067 prime?
True
Is 11475956747 a composite number?
False
Is 624874039 prime?
True
Is 719668369 composite?
True
Is 68070725809 prime?
False
Is 792491573 a composite number?
True
Is 31388152723 a composite number?
False
Is 9845577199 a prime number?
False
Is 4542900863 prime?
True
Is 342782641 prime?
False
Is 1062698239 a prime number?
False
Is 55792411091 composite?
True
Is 39843788839 prime?
True
Is 5700196343 a prime number?
True
Is 7516525829 composite?
True
Is 13068967099 composite?
True
Is 427979098 prime?
False
Is 969749959 a composite number?
False
Is 1390844789 a prime number?
True
Is 3752610767 composite?
False
Is 10019440027 composite?
True
Is 342261847 a prime number?
False
Is 146395583 a prime number?
False
Is 2777588507 a prime number?
True
Is 23472569 prime?
False
Is 14349433983 a composite number?
True
Is 242862023 a composite number?
False
Is 372693617 a composite number?
False
Is 1428114437 prime?
True
Is 2705537533 a composite number?
False
Is 196752173 a composite number?
True
Is 15337616647 a prime number?
True
Is 947797091 a prime number?
True
Is 847834219 a composite number?
True
Is 2388712253 composite?
True
Is 389580031 a prime number?
False
Is 19848971 prime?
False
Is 19072585117 a prime number?
True
Is 1814135963 a prime number?
False
Is 4673724007 a prime number?
True
Is 324134879 a prime number?
True
Is 688442901 composite?
True
Is 8415928771 prime?
False
Is 6056532023 prime?
True
Is 4020341863 composite?
False
Is 9554088187 composite?
True
Is 42267544769 composite?
False
Is 28430657369 a composite number?
True
Is 3231386681 composite?
False
Is 625708327 a composite number?
True
Is 22476138071 composite?
False
Is 2859016579 a composite number?
True
Is 961171751 a prime number?
True
Is 1081150883 composite?
True
Is 10788859 composite?
False
Is 180604951 prime?
False
Is 1745477893 a composite number?
False
Is 2074453417 composite?
True
Is 3363503309 a composite number?
False
Is 1107682295 a prime number?
False
Is 18144191839 a prime number?
True
Is 9518605043 composite?
False
Is 617539379 prime?
False
Is 107556761563 composite?
True
Is 24362761057 prime?
False
Is 852810799 a prime number?
True
Is 10358018633 a prime number?
True
Is 307605203 composite?
True
Is 1088950201 a composite number?
True
Is 31352966399 a prime number?
True
Is 3612435899 a prime number?
True
Is 214714994693 a composite number?
False
Is 926036513 a prime number?
True
Is 17669686793 a prime number?
False
Is 596736169 a prime number?
False
Is 833355661 composite?
False
Is 2859296123 a composite number?
False
Is 804861361 a composite number?
False
Is 1213086533 a composite number?
False
Is 6192455915 a composite number?
True
Is 19337466389 composite?
True
Is 399069347 prime?
True
Is 1993209217 prime?
False
Is 220540043 prime?
True
Is 2755132333 a prime number?
True
Is 8873877863 a prime number?
True
Is 28029265897 a composite number?
False
Is 9888215719 composite?
False
Is 1048909441 a composite number?
True
Is 1029606629 composite?
True
Is 47719145 prime?
False
Is 11664283685 a composite number?
True
Is 166055269465 a prime number?
False
Is 763316993 a prime number?
False
Is 2133511801 prime?
True
Is 19313023123 a composite number?
True
Is 697502323 a prime number?
False
Is 7684834177 composite?
True
Is 7988557 composite?
False
Is 13320372409 a composite number?
True
Is 1927153205 composite?
True
Is 101946743609 prime?
False
Is 29252804387 composite?
False
Is 2899182071 prime?
True
Is 8164114253 prime?
True
Is 105464153 prime?
True
Is 4626683437 a composite number?
False
Is 1597833439 composite?
False
Is 6340774421 composite?
False
Is 46830164279 a prime number?
False
Is 109676219 a composite number?
False
Is 1017191173 composite?
True
Is 1611115379 prime?
False
Is 336498301 a prime number?
True
Is 27777508153 prime?
True
Is 373587983 a prime number?
True
Is 603386291 a composite number?
True
Is 181769311 prime?
True
Is 684529546 composite?
True
Is 24890797241 a prime number?
True
Is 157798061 composite?
False
Is 1456360861 a prime number?
True
Is 18953777 a composite number?
True
Is 11026835597 a composite number?
False
Is 26668332533 a composite number?
False
Is 772541269 a prime number?
True
Is 41174377 composite?
True
Is 2805582833 a composite number?
False
Is 40238144511 prime?
False
Is 30295253081 composite?
False
Is 23228386829 a prime number?
True
Is 92135941 composite?
False
Is 10127232377 composite?
True
Is 67822452697 prime?
False
Is 775518647 a prime number?
True
Is 106438382329 a composite number?
True
Is 21848169799 a prime number?
True
Is 4522814893 a composite number?
False
Is 1074150709 a composite number?
False
Is 332370851 composite?
True
Is 54103631 prime?
True
Is 1323426409 a composite number?
False
Is 72642533783 a composite number?
False
Is 45994335119 prime?
True
Is 1775748935 prime?
False
Is 19800517639 composite?
True
Is 1607420719 composite?
False
Is 4793400683 a prime number?
False
Is 6484571993 a composite number?
True
Is 11597236813 prime?
True
Is 7831792003 a composite number?
True
Is 461880611 a composite number?
False
Is 1437978911 prime?
False
Is 5525484751 a composite number?
False
Is 569707741 prime?
False
Is 395486466055 a composite number?
True
Is 1621110581 a composite number?
True
Is 264917321 composite?
False
Is 4928074609 prime?
True
Is 1388106229 a prime number?
True
Is 3913844161 a prime number?
False
Is 28869185791 composite?
False
Is 46151381 composite?
False
Is 4243057189 a composite number?
True
Is 45894569 a prime number?
False
Is 7546534783 a composite number?
False
Is 22710928495 prime?
False
Is 2988031819 a pr